{"id":3501,"date":"2022-01-07T15:45:21","date_gmt":"2022-01-07T15:45:21","guid":{"rendered":"http:\/\/www.finncham.org.br\/portal\/?post_type=tribe_events&#038;p=3501"},"modified":"2022-01-24T13:14:11","modified_gmt":"2022-01-24T13:14:11","slug":"save-the-date-cafe-da-manha-com-o-embaixador","status":"publish","type":"tribe_events","link":"https:\/\/www.finncham.org.br\/portal\/event\/save-the-date-cafe-da-manha-com-o-embaixador\/","title":{"rendered":"Caf\u00e9 com o Embaixador"},"content":{"rendered":"<p>The Ambassador of Finland, Jouko Leinonen and the President of FinnCham Brazil, Sergio Chamone, want to invite you to the first Caf\u00e9 com o Embaixador of 2022, Thursday 3rd of February from 15:00 till 16:30! The event is organized virtually via Microsoft Teams.<\/p>\n<div class=\"fusion-button-wrapper\"><style type=\"text\/css\">.fusion-button.button-1 {border-radius:2px;}<\/style><a class=\"fusion-button button-flat fusion-button-default-size button-default button-1 fusion-button-default-span fusion-button-default-type\" target=\"_self\" href=\"https:\/\/teams.microsoft.com\/dl\/launcher\/launcher.html?url=%2F_%23%2Fl%2Fmeetup-join%2F19%3Ameeting_MzNkZmNmOTEtNTg2YS00YzhjLTk0OGQtZjMyMzQzNDhlOGI5%40thread.v2%2F0%3Fcontext%3D%257b%2522Tid%2522%253a%2522e70d8948-a6f3-4188-bd35-5868be33e910%2522%252c%2522Oid%2522%253a%252263feec93-f76b-4100-9fd8-d8fe68146e7a%2522%257d%26anon%3Dtrue&amp;type=meetup-join&amp;deeplinkId=779007a1-3ee1-4aa5-bc22-732ff2458166&amp;directDl=true&amp;msLaunch=true&amp;enableMobilePage=true&amp;suppressPrompt=true\"><span class=\"fusion-button-text\">Join the meeting<\/span><\/a><\/div>\n<p>&nbsp;<\/p>\n<p>Agenda<\/p>\n<p class=\"_04xlpA direction-ltr align-start para-style-body\"><span class=\"JsGRdQ\">15:00 &#8211; 15:05 Abertura e boas-vindas pelo Presidente da FinnCham, Sergio Chamone e Lasse Keissalo, Consul da Finl\u00e2ndia em S\u00e3o Paulo<\/span><\/p>\n<p><span class=\"JsGRdQ\">15:05 &#8211; 15:20 Coment\u00e1rios iniciais do Embaixador Jouko Leinonen<\/span><\/p>\n<p><span class=\"JsGRdQ\">15:20 &#8211; 15:50 Apresenta\u00e7\u00e3o do Analista Pol\u00edtico Lucas Arag\u00e3o, S\u00f3cio da Arko Advice sobre a \u201cSitua\u00e7\u00e3o Atual do Brasil\u201d<\/span><\/p>\n<p><span class=\"JsGRdQ\">15:50 &#8211; 16:15 Q&amp;A moderado por Max Braga &#8211; Presidente Comit\u00ea de Educa\u00e7\u00e3o<\/span><\/p>\n<p><span class=\"JsGRdQ\">16:15 &#8211; 16:25 Considera\u00e7\u00f5es finais Embaixador Jouko Leinonen<\/span><\/p>\n<p><span class=\"JsGRdQ\">16:25 &#8211; 16:30 Fechamento pelo Presidente da FinnCham, Sergio Chamone e Lasse Keissalo, Consul da Finl\u00e2ndia em<\/span> <span class=\"JsGRdQ\">S\u00e3o Paulo<\/span><\/p>\n","protected":false},"excerpt":{"rendered":"<p>The Ambassador of Finland, Jouko Leinonen and the President of FinnCham Brazil, Sergio Chamone, want to invite you to the first Caf\u00e9 com o Embaixador of 2022, Thursday 3rd of February from 15:00 till 16:30! The event is organized virtually via Microsoft Teams. &nbsp; Agenda 15:00 &#8211; 15:05 Abertura e boas-vindas pelo Presidente da FinnCham, [&hellip;]<\/p>\n","protected":false},"author":4,"featured_media":3527,"comment_status":"open","ping_status":"closed","template":"","meta":{"_price":"","_stock":"","_tribe_ticket_header":"","_tribe_default_ticket_provider":"","_tribe_ticket_capacity":"0","_ticket_start_date":"","_ticket_end_date":"","_tribe_ticket_show_description":"","_tribe_ticket_show_not_going":false,"_tribe_ticket_use_global_stock":"","_tribe_ticket_global_stock_level":"","_global_stock_mode":"","_global_stock_cap":"","_tribe_rsvp_for_event":"","_tribe_ticket_going_count":"","_tribe_ticket_not_going_count":"","_tribe_tickets_list":[],"_tribe_ticket_has_attendee_info_fields":false,"_tribe_events_status":"","_tribe_events_status_reason":""},"tags":[],"tribe_events_cat":[],"yoast_head":"<!-- This site is optimized with the Yoast SEO plugin v21.7 - https:\/\/yoast.com\/wordpress\/plugins\/seo\/ -->\n<title>Caf\u00e9 com o Embaixador - Finncham Brazil<\/title>\n<meta name=\"robots\" content=\"index, follow, max-snippet:-1, max-image-preview:large, max-video-preview:-1\" \/>\n<link rel=\"canonical\" href=\"https:\/\/www.finncham.org.br\/portal\/event\/save-the-date-cafe-da-manha-com-o-embaixador\/\" \/>\n<meta property=\"og:locale\" content=\"en_US\" \/>\n<meta property=\"og:type\" content=\"article\" \/>\n<meta property=\"og:title\" content=\"Caf\u00e9 com o Embaixador - Finncham Brazil\" \/>\n<meta property=\"og:description\" content=\"The Ambassador of Finland, Jouko Leinonen and the President of FinnCham Brazil, Sergio Chamone, want to invite you to the first Caf\u00e9 com o Embaixador of 2022, Thursday 3rd of February from 15:00 till 16:30! The event is organized virtually via Microsoft Teams. &nbsp; Agenda 15:00 &#8211; 15:05 Abertura e boas-vindas pelo Presidente da FinnCham, [&hellip;]\" \/>\n<meta property=\"og:url\" content=\"https:\/\/www.finncham.org.br\/portal\/event\/save-the-date-cafe-da-manha-com-o-embaixador\/\" \/>\n<meta property=\"og:site_name\" content=\"Finncham Brazil\" \/>\n<meta property=\"article:modified_time\" content=\"2022-01-24T13:14:11+00:00\" \/>\n<meta property=\"og:image\" content=\"https:\/\/www.finncham.org.br\/portal\/wp-content\/uploads\/2022\/01\/Caf\u00e9-com-o-Embaixador-e1643029720420.png\" \/>\n\t<meta property=\"og:image:width\" content=\"960\" \/>\n\t<meta property=\"og:image:height\" content=\"540\" \/>\n\t<meta property=\"og:image:type\" content=\"image\/png\" \/>\n<meta name=\"twitter:card\" content=\"summary_large_image\" \/>\n<meta name=\"twitter:label1\" content=\"Est. reading time\" \/>\n\t<meta name=\"twitter:data1\" content=\"2 minutes\" \/>\n<script type=\"application\/ld+json\" class=\"yoast-schema-graph\">{\"@context\":\"https:\/\/schema.org\",\"@graph\":[{\"@type\":\"WebPage\",\"@id\":\"https:\/\/www.finncham.org.br\/portal\/event\/save-the-date-cafe-da-manha-com-o-embaixador\/\",\"url\":\"https:\/\/www.finncham.org.br\/portal\/event\/save-the-date-cafe-da-manha-com-o-embaixador\/\",\"name\":\"Caf\u00e9 com o Embaixador - Finncham Brazil\",\"isPartOf\":{\"@id\":\"https:\/\/www.finncham.org.br\/portal\/#website\"},\"datePublished\":\"2022-01-07T15:45:21+00:00\",\"dateModified\":\"2022-01-24T13:14:11+00:00\",\"breadcrumb\":{\"@id\":\"https:\/\/www.finncham.org.br\/portal\/event\/save-the-date-cafe-da-manha-com-o-embaixador\/#breadcrumb\"},\"inLanguage\":\"en\",\"potentialAction\":[{\"@type\":\"ReadAction\",\"target\":[\"https:\/\/www.finncham.org.br\/portal\/event\/save-the-date-cafe-da-manha-com-o-embaixador\/\"]}]},{\"@type\":\"BreadcrumbList\",\"@id\":\"https:\/\/www.finncham.org.br\/portal\/event\/save-the-date-cafe-da-manha-com-o-embaixador\/#breadcrumb\",\"itemListElement\":[{\"@type\":\"ListItem\",\"position\":1,\"name\":\"Home\",\"item\":\"https:\/\/www.finncham.org.br\/portal\/\"},{\"@type\":\"ListItem\",\"position\":2,\"name\":\"Events\",\"item\":\"https:\/\/www.finncham.org.br\/portal\/events\/\"},{\"@type\":\"ListItem\",\"position\":3,\"name\":\"Caf\u00e9 com o Embaixador\"}]},{\"@type\":\"WebSite\",\"@id\":\"https:\/\/www.finncham.org.br\/portal\/#website\",\"url\":\"https:\/\/www.finncham.org.br\/portal\/\",\"name\":\"Finncham Brazil\",\"description\":\"The Official Brazil Finland Chamber Of Commerce.\",\"potentialAction\":[{\"@type\":\"SearchAction\",\"target\":{\"@type\":\"EntryPoint\",\"urlTemplate\":\"https:\/\/www.finncham.org.br\/portal\/?s={search_term_string}\"},\"query-input\":\"required name=search_term_string\"}],\"inLanguage\":\"en\"}]}<\/script>\n<!-- \/ Yoast SEO plugin. -->","yoast_head_json":{"title":"Caf\u00e9 com o Embaixador - Finncham Brazil","robots":{"index":"index","follow":"follow","max-snippet":"max-snippet:-1","max-image-preview":"max-image-preview:large","max-video-preview":"max-video-preview:-1"},"canonical":"https:\/\/www.finncham.org.br\/portal\/event\/save-the-date-cafe-da-manha-com-o-embaixador\/","og_locale":"en_US","og_type":"article","og_title":"Caf\u00e9 com o Embaixador - Finncham Brazil","og_description":"The Ambassador of Finland, Jouko Leinonen and the President of FinnCham Brazil, Sergio Chamone, want to invite you to the first Caf\u00e9 com o Embaixador of 2022, Thursday 3rd of February from 15:00 till 16:30! The event is organized virtually via Microsoft Teams. &nbsp; Agenda 15:00 &#8211; 15:05 Abertura e boas-vindas pelo Presidente da FinnCham, [&hellip;]","og_url":"https:\/\/www.finncham.org.br\/portal\/event\/save-the-date-cafe-da-manha-com-o-embaixador\/","og_site_name":"Finncham Brazil","article_modified_time":"2022-01-24T13:14:11+00:00","og_image":[{"width":960,"height":540,"url":"https:\/\/www.finncham.org.br\/portal\/wp-content\/uploads\/2022\/01\/Caf\u00e9-com-o-Embaixador-e1643029720420.png","type":"image\/png"}],"twitter_card":"summary_large_image","twitter_misc":{"Est. reading time":"2 minutes"},"schema":{"@context":"https:\/\/schema.org","@graph":[{"@type":"WebPage","@id":"https:\/\/www.finncham.org.br\/portal\/event\/save-the-date-cafe-da-manha-com-o-embaixador\/","url":"https:\/\/www.finncham.org.br\/portal\/event\/save-the-date-cafe-da-manha-com-o-embaixador\/","name":"Caf\u00e9 com o Embaixador - Finncham Brazil","isPartOf":{"@id":"https:\/\/www.finncham.org.br\/portal\/#website"},"datePublished":"2022-01-07T15:45:21+00:00","dateModified":"2022-01-24T13:14:11+00:00","breadcrumb":{"@id":"https:\/\/www.finncham.org.br\/portal\/event\/save-the-date-cafe-da-manha-com-o-embaixador\/#breadcrumb"},"inLanguage":"en","potentialAction":[{"@type":"ReadAction","target":["https:\/\/www.finncham.org.br\/portal\/event\/save-the-date-cafe-da-manha-com-o-embaixador\/"]}]},{"@type":"BreadcrumbList","@id":"https:\/\/www.finncham.org.br\/portal\/event\/save-the-date-cafe-da-manha-com-o-embaixador\/#breadcrumb","itemListElement":[{"@type":"ListItem","position":1,"name":"Home","item":"https:\/\/www.finncham.org.br\/portal\/"},{"@type":"ListItem","position":2,"name":"Events","item":"https:\/\/www.finncham.org.br\/portal\/events\/"},{"@type":"ListItem","position":3,"name":"Caf\u00e9 com o Embaixador"}]},{"@type":"WebSite","@id":"https:\/\/www.finncham.org.br\/portal\/#website","url":"https:\/\/www.finncham.org.br\/portal\/","name":"Finncham Brazil","description":"The Official Brazil Finland Chamber Of Commerce.","potentialAction":[{"@type":"SearchAction","target":{"@type":"EntryPoint","urlTemplate":"https:\/\/www.finncham.org.br\/portal\/?s={search_term_string}"},"query-input":"required name=search_term_string"}],"inLanguage":"en"}]}},"ticketed":false,"_links":{"self":[{"href":"https:\/\/www.finncham.org.br\/portal\/wp-json\/wp\/v2\/tribe_events\/3501"}],"collection":[{"href":"https:\/\/www.finncham.org.br\/portal\/wp-json\/wp\/v2\/tribe_events"}],"about":[{"href":"https:\/\/www.finncham.org.br\/portal\/wp-json\/wp\/v2\/types\/tribe_events"}],"author":[{"embeddable":true,"href":"https:\/\/www.finncham.org.br\/portal\/wp-json\/wp\/v2\/users\/4"}],"replies":[{"embeddable":true,"href":"https:\/\/www.finncham.org.br\/portal\/wp-json\/wp\/v2\/comments?post=3501"}],"version-history":[{"count":6,"href":"https:\/\/www.finncham.org.br\/portal\/wp-json\/wp\/v2\/tribe_events\/3501\/revisions"}],"predecessor-version":[{"id":3526,"href":"https:\/\/www.finncham.org.br\/portal\/wp-json\/wp\/v2\/tribe_events\/3501\/revisions\/3526"}],"wp:featuredmedia":[{"embeddable":true,"href":"https:\/\/www.finncham.org.br\/portal\/wp-json\/wp\/v2\/media\/3527"}],"wp:attachment":[{"href":"https:\/\/www.finncham.org.br\/portal\/wp-json\/wp\/v2\/media?parent=3501"}],"wp:term":[{"taxonomy":"post_tag","embeddable":true,"href":"https:\/\/www.finncham.org.br\/portal\/wp-json\/wp\/v2\/tags?post=3501"},{"taxonomy":"tribe_events_cat","embeddable":true,"href":"https:\/\/www.finncham.org.br\/portal\/wp-json\/wp\/v2\/tribe_events_cat?post=3501"}],"curies":[{"name":"wp","href":"https:\/\/api.w.org\/{rel}","templated":true}]}}

Café com o Embaixador

<p>The Ambassador of Finland, Jouko Leinonen and the President of FinnCham Brazil, Sergio Chamone, want to invite you to the first Café com o Embaixador of 2022, Thursday 3rd of February from 15:00 till 16:30! The event is organized virtually via Microsoft Teams.</p>
<div class="fusion-button-wrapper"><style type="text/css">.fusion-button.button-1 {border-radius:2px;}</style><a class="fusion-button button-flat fusion-button-default-size button-default button-1 fusion-button-default-span fusion-button-default-type" target="_self" href="https://teams.microsoft.com/dl/launcher/launcher.html?url=%2F_%23%2Fl%2Fmeetup-join%2F19%3Ameeting_MzNkZmNmOTEtNTg2YS00YzhjLTk0OGQtZjMyMzQzNDhlOGI5%40thread.v2%2F0%3Fcontext%3D%257b%2522Tid%2522%253a%2522e70d8948-a6f3-4188-bd35-5868be33e910%2522%252c%2522Oid%2522%253a%252263feec93-f76b-4100-9fd8-d8fe68146e7a%2522%257d%26anon%3Dtrue&amp;type=meetup-join&amp;deeplinkId=779007a1-3ee1-4aa5-bc22-732ff2458166&amp;directDl=true&amp;msLaunch=true&amp;enableMobilePage=true&amp;suppressPrompt=true"><span class="fusion-button-text">Join the meeting</span></a></div>
<p>&nbsp;</p>
<p>Agenda</p>
<p class="_04xlpA direction-ltr align-start para-style-body"><span class="JsGRdQ">15:00 &#8211; 15:05 Abertura e boas-vindas pelo Presidente da FinnCham, Sergio Chamone e Lasse Keissalo, Consul da Finlândia em São Paulo</span></p>
<p><span class="JsGRdQ">15:05 &#8211; 15:20 Comentários iniciais do Embaixador Jouko Leinonen</span></p>
<p><span class="JsGRdQ">15:20 &#8211; 15:50 Apresentação do Analista Político Lucas Aragão, Sócio da Arko Advice sobre a “Situação Atual do Brasil”</span></p>
<p><span class="JsGRdQ">15:50 &#8211; 16:15 Q&amp;A moderado por Max Braga &#8211; Presidente Comitê de Educação</span></p>
<p><span class="JsGRdQ">16:15 &#8211; 16:25 Considerações finais Embaixador Jouko Leinonen</span></p>
<p><span class="JsGRdQ">16:25 &#8211; 16:30 Fechamento pelo Presidente da FinnCham, Sergio Chamone e Lasse Keissalo, Consul da Finlândia em</span> <span class="JsGRdQ">São Paulo</span></p>

<p>The Ambassador of Finland, Jouko Leinonen and the President of FinnCham Brazil, Sergio Chamone, want to invite you to the first Café com o Embaixador of 2022, Thursday 3rd of February from 15:00 till 16:30! The event is organized virtually via Microsoft Teams. &nbsp; Agenda 15:00 &#8211; 15:05 Abertura e boas-vindas pelo Presidente da FinnCham, [&hellip;]</p>

<!-- This site is optimized with the Yoast SEO plugin v21.7 - https://yoast.com/wordpress/plugins/seo/ -->
<title>Café com o Embaixador - Finncham Brazil</title>
<meta name="robots" content="index, follow, max-snippet:-1, max-image-preview:large, max-video-preview:-1" />
<link rel="canonical" href="https://www.finncham.org.br/portal/event/save-the-date-cafe-da-manha-com-o-embaixador/" />
<meta property="og:locale" content="en_US" />
<meta property="og:type" content="article" />
<meta property="og:title" content="Café com o Embaixador - Finncham Brazil" />
<meta property="og:description" content="The Ambassador of Finland, Jouko Leinonen and the President of FinnCham Brazil, Sergio Chamone, want to invite you to the first Café com o Embaixador of 2022, Thursday 3rd of February from 15:00 till 16:30! The event is organized virtually via Microsoft Teams. &nbsp; Agenda 15:00 &#8211; 15:05 Abertura e boas-vindas pelo Presidente da FinnCham, [&hellip;]" />
<meta property="og:url" content="https://www.finncham.org.br/portal/event/save-the-date-cafe-da-manha-com-o-embaixador/" />
<meta property="og:site_name" content="Finncham Brazil" />
<meta property="article:modified_time" content="2022-01-24T13:14:11+00:00" />
<meta property="og:image" content="https://www.finncham.org.br/portal/wp-content/uploads/2022/01/Café-com-o-Embaixador-e1643029720420.png" />
	<meta property="og:image:width" content="960" />
	<meta property="og:image:height" content="540" />
	<meta property="og:image:type" content="image/png" />
<meta name="twitter:card" content="summary_large_image" />
<meta name="twitter:label1" content="Est. reading time" />
	<meta name="twitter:data1" content="2 minutes" />
<script type="application/ld+json" class="yoast-schema-graph">{"@context":"https://schema.org","@graph":[{"@type":"WebPage","@id":"https://www.finncham.org.br/portal/event/save-the-date-cafe-da-manha-com-o-embaixador/","url":"https://www.finncham.org.br/portal/event/save-the-date-cafe-da-manha-com-o-embaixador/","name":"Café com o Embaixador - Finncham Brazil","isPartOf":{"@id":"https://www.finncham.org.br/portal/#website"},"datePublished":"2022-01-07T15:45:21+00:00","dateModified":"2022-01-24T13:14:11+00:00","breadcrumb":{"@id":"https://www.finncham.org.br/portal/event/save-the-date-cafe-da-manha-com-o-embaixador/#breadcrumb"},"inLanguage":"en","potentialAction":[{"@type":"ReadAction","target":["https://www.finncham.org.br/portal/event/save-the-date-cafe-da-manha-com-o-embaixador/"]}]},{"@type":"BreadcrumbList","@id":"https://www.finncham.org.br/portal/event/save-the-date-cafe-da-manha-com-o-embaixador/#breadcrumb","itemListElement":[{"@type":"ListItem","position":1,"name":"Home","item":"https://www.finncham.org.br/portal/"},{"@type":"ListItem","position":2,"name":"Events","item":"https://www.finncham.org.br/portal/events/"},{"@type":"ListItem","position":3,"name":"Café com o Embaixador"}]},{"@type":"WebSite","@id":"https://www.finncham.org.br/portal/#website","url":"https://www.finncham.org.br/portal/","name":"Finncham Brazil","description":"The Official Brazil Finland Chamber Of Commerce.","potentialAction":[{"@type":"SearchAction","target":{"@type":"EntryPoint","urlTemplate":"https://www.finncham.org.br/portal/?s={search_term_string}"},"query-input":"required name=search_term_string"}],"inLanguage":"en"}]}</script>
<!-- / Yoast SEO plugin. -->

Café com o Embaixador - Finncham Brazil

The Ambassador of Finland, Jouko Leinonen and the President of FinnCham Brazil, Sergio Chamone, want to invite you to the first Café com o Embaixador of 2022, Thursday 3rd of February from 15:00 till 16:30! The event is organized virtually via Microsoft Teams. &nbsp; Agenda 15:00 &#8211; 15:05 Abertura e boas-vindas pelo Presidente da FinnCham, [&hellip;]

https://www.finncham.org.br/portal/wp-content/uploads/2022/01/Café-com-o-Embaixador-e1643029720420.png
