{"id":3193,"date":"2021-07-28T12:51:24","date_gmt":"2021-07-28T12:51:24","guid":{"rendered":"http:\/\/www.finncham.org.br\/portal\/?post_type=tribe_events&#038;p=3193"},"modified":"2021-07-28T13:58:59","modified_gmt":"2021-07-28T13:58:59","slug":"cafe-com-o-embaixador-3","status":"publish","type":"tribe_events","link":"https:\/\/www.finncham.org.br\/portal\/event\/cafe-com-o-embaixador-3\/","title":{"rendered":"Caf\u00e9 com o Embaixador"},"content":{"rendered":"<p>O Embaixador da Finl\u00e2ndia, Sr. Jouko Leinonen e o Presidente da<br \/>\nFinnCham, Sr. Sergio Chamone, convidam para um Caf\u00e9 da Manh\u00e3<br \/>\nVirtual via Microsoft Teams. Quarta, 11\/8, das 9.00h \u00e0s 10.45h.<\/p>\n<h3><a href=\"https:\/\/finncham.us5.list-manage.com\/track\/click?u=117211d8d0a075a339e6e8b6e&amp;id=dbefa6cb10&amp;e=df1691779e\">Click here to join via Microsoft Teams<\/a><\/h3>\n<p><img decoding=\"async\" loading=\"lazy\" class=\"lazyload wp-image-3194 alignleft\" src=\"http:\/\/www.finncham.org.br\/portal\/wp-content\/uploads\/2021\/07\/cafe-august-1024x993.png\" data-orig-src=\"http:\/\/www.finncham.org.br\/portal\/wp-content\/uploads\/2021\/07\/cafe-august-1024x993.png\" alt=\"\" width=\"716\" height=\"695\" srcset=\"data:image\/svg+xml,%3Csvg%20xmlns%3D%27http%3A%2F%2Fwww.w3.org%2F2000%2Fsvg%27%20width%3D%27716%27%20height%3D%27695%27%20viewBox%3D%270%200%20716%20695%27%3E%3Crect%20width%3D%27716%27%20height%3D%273695%27%20fill-opacity%3D%220%22%2F%3E%3C%2Fsvg%3E\" data-srcset=\"https:\/\/www.finncham.org.br\/portal\/wp-content\/uploads\/2021\/07\/cafe-august-50x50.png 50w, https:\/\/www.finncham.org.br\/portal\/wp-content\/uploads\/2021\/07\/cafe-august-150x146.png 150w, https:\/\/www.finncham.org.br\/portal\/wp-content\/uploads\/2021\/07\/cafe-august-200x194.png 200w, https:\/\/www.finncham.org.br\/portal\/wp-content\/uploads\/2021\/07\/cafe-august-300x291.png 300w, https:\/\/www.finncham.org.br\/portal\/wp-content\/uploads\/2021\/07\/cafe-august-400x388.png 400w, https:\/\/www.finncham.org.br\/portal\/wp-content\/uploads\/2021\/07\/cafe-august-500x485.png 500w, https:\/\/www.finncham.org.br\/portal\/wp-content\/uploads\/2021\/07\/cafe-august-600x582.png 600w, https:\/\/www.finncham.org.br\/portal\/wp-content\/uploads\/2021\/07\/cafe-august-768x745.png 768w, https:\/\/www.finncham.org.br\/portal\/wp-content\/uploads\/2021\/07\/cafe-august-800x776.png 800w, https:\/\/www.finncham.org.br\/portal\/wp-content\/uploads\/2021\/07\/cafe-august-1024x993.png 1024w, https:\/\/www.finncham.org.br\/portal\/wp-content\/uploads\/2021\/07\/cafe-august.png 1174w\" data-sizes=\"auto\" data-orig-sizes=\"(max-width: 716px) 100vw, 716px\" \/><\/p>\n<p>&nbsp;<\/p>\n","protected":false},"excerpt":{"rendered":"<p>O Embaixador da Finl\u00e2ndia, Sr. Jouko Leinonen e o Presidente da FinnCham, Sr. Sergio Chamone, convidam para um Caf\u00e9 da Manh\u00e3 Virtual via Microsoft Teams. Quarta, 11\/8, das 9.00h \u00e0s 10.45h. Click here to join via Microsoft Teams &nbsp;<\/p>\n","protected":false},"author":4,"featured_media":2819,"comment_status":"open","ping_status":"closed","template":"","meta":{"_price":"","_stock":"","_tribe_ticket_header":"","_tribe_default_ticket_provider":"","_tribe_ticket_capacity":"0","_ticket_start_date":"","_ticket_end_date":"","_tribe_ticket_show_description":"","_tribe_ticket_show_not_going":false,"_tribe_ticket_use_global_stock":"","_tribe_ticket_global_stock_level":"","_global_stock_mode":"","_global_stock_cap":"","_tribe_rsvp_for_event":"","_tribe_ticket_going_count":"","_tribe_ticket_not_going_count":"","_tribe_tickets_list":[],"_tribe_ticket_has_attendee_info_fields":false,"_tribe_events_status":"","_tribe_events_status_reason":""},"tags":[],"tribe_events_cat":[89,71],"yoast_head":"<!-- This site is optimized with the Yoast SEO plugin v21.7 - https:\/\/yoast.com\/wordpress\/plugins\/seo\/ -->\n<title>Caf\u00e9 com o Embaixador - Finncham Brazil<\/title>\n<meta name=\"robots\" content=\"index, follow, max-snippet:-1, max-image-preview:large, max-video-preview:-1\" \/>\n<link rel=\"canonical\" href=\"https:\/\/www.finncham.org.br\/portal\/event\/cafe-com-o-embaixador-3\/\" \/>\n<meta property=\"og:locale\" content=\"en_US\" \/>\n<meta property=\"og:type\" content=\"article\" \/>\n<meta property=\"og:title\" content=\"Caf\u00e9 com o Embaixador - Finncham Brazil\" \/>\n<meta property=\"og:description\" content=\"O Embaixador da Finl\u00e2ndia, Sr. Jouko Leinonen e o Presidente da FinnCham, Sr. Sergio Chamone, convidam para um Caf\u00e9 da Manh\u00e3 Virtual via Microsoft Teams. Quarta, 11\/8, das 9.00h \u00e0s 10.45h. Click here to join via Microsoft Teams &nbsp;\" \/>\n<meta property=\"og:url\" content=\"https:\/\/www.finncham.org.br\/portal\/event\/cafe-com-o-embaixador-3\/\" \/>\n<meta property=\"og:site_name\" content=\"Finncham Brazil\" \/>\n<meta property=\"article:modified_time\" content=\"2021-07-28T13:58:59+00:00\" \/>\n<meta property=\"og:image\" content=\"https:\/\/www.finncham.org.br\/portal\/wp-content\/uploads\/2020\/09\/final-cafe-h-e1643028204892.png\" \/>\n\t<meta property=\"og:image:width\" content=\"800\" \/>\n\t<meta property=\"og:image:height\" content=\"332\" \/>\n\t<meta property=\"og:image:type\" content=\"image\/png\" \/>\n<meta name=\"twitter:card\" content=\"summary_large_image\" \/>\n<script type=\"application\/ld+json\" class=\"yoast-schema-graph\">{\"@context\":\"https:\/\/schema.org\",\"@graph\":[{\"@type\":\"WebPage\",\"@id\":\"https:\/\/www.finncham.org.br\/portal\/event\/cafe-com-o-embaixador-3\/\",\"url\":\"https:\/\/www.finncham.org.br\/portal\/event\/cafe-com-o-embaixador-3\/\",\"name\":\"Caf\u00e9 com o Embaixador - Finncham Brazil\",\"isPartOf\":{\"@id\":\"https:\/\/www.finncham.org.br\/portal\/#website\"},\"datePublished\":\"2021-07-28T12:51:24+00:00\",\"dateModified\":\"2021-07-28T13:58:59+00:00\",\"breadcrumb\":{\"@id\":\"https:\/\/www.finncham.org.br\/portal\/event\/cafe-com-o-embaixador-3\/#breadcrumb\"},\"inLanguage\":\"en\",\"potentialAction\":[{\"@type\":\"ReadAction\",\"target\":[\"https:\/\/www.finncham.org.br\/portal\/event\/cafe-com-o-embaixador-3\/\"]}]},{\"@type\":\"BreadcrumbList\",\"@id\":\"https:\/\/www.finncham.org.br\/portal\/event\/cafe-com-o-embaixador-3\/#breadcrumb\",\"itemListElement\":[{\"@type\":\"ListItem\",\"position\":1,\"name\":\"Home\",\"item\":\"https:\/\/www.finncham.org.br\/portal\/\"},{\"@type\":\"ListItem\",\"position\":2,\"name\":\"Events\",\"item\":\"https:\/\/www.finncham.org.br\/portal\/events\/\"},{\"@type\":\"ListItem\",\"position\":3,\"name\":\"Caf\u00e9 com o Embaixador\"}]},{\"@type\":\"WebSite\",\"@id\":\"https:\/\/www.finncham.org.br\/portal\/#website\",\"url\":\"https:\/\/www.finncham.org.br\/portal\/\",\"name\":\"Finncham Brazil\",\"description\":\"The Official Brazil Finland Chamber Of Commerce.\",\"potentialAction\":[{\"@type\":\"SearchAction\",\"target\":{\"@type\":\"EntryPoint\",\"urlTemplate\":\"https:\/\/www.finncham.org.br\/portal\/?s={search_term_string}\"},\"query-input\":\"required name=search_term_string\"}],\"inLanguage\":\"en\"}]}<\/script>\n<!-- \/ Yoast SEO plugin. -->","yoast_head_json":{"title":"Caf\u00e9 com o Embaixador - Finncham Brazil","robots":{"index":"index","follow":"follow","max-snippet":"max-snippet:-1","max-image-preview":"max-image-preview:large","max-video-preview":"max-video-preview:-1"},"canonical":"https:\/\/www.finncham.org.br\/portal\/event\/cafe-com-o-embaixador-3\/","og_locale":"en_US","og_type":"article","og_title":"Caf\u00e9 com o Embaixador - Finncham Brazil","og_description":"O Embaixador da Finl\u00e2ndia, Sr. Jouko Leinonen e o Presidente da FinnCham, Sr. Sergio Chamone, convidam para um Caf\u00e9 da Manh\u00e3 Virtual via Microsoft Teams. Quarta, 11\/8, das 9.00h \u00e0s 10.45h. Click here to join via Microsoft Teams &nbsp;","og_url":"https:\/\/www.finncham.org.br\/portal\/event\/cafe-com-o-embaixador-3\/","og_site_name":"Finncham Brazil","article_modified_time":"2021-07-28T13:58:59+00:00","og_image":[{"width":800,"height":332,"url":"https:\/\/www.finncham.org.br\/portal\/wp-content\/uploads\/2020\/09\/final-cafe-h-e1643028204892.png","type":"image\/png"}],"twitter_card":"summary_large_image","schema":{"@context":"https:\/\/schema.org","@graph":[{"@type":"WebPage","@id":"https:\/\/www.finncham.org.br\/portal\/event\/cafe-com-o-embaixador-3\/","url":"https:\/\/www.finncham.org.br\/portal\/event\/cafe-com-o-embaixador-3\/","name":"Caf\u00e9 com o Embaixador - Finncham Brazil","isPartOf":{"@id":"https:\/\/www.finncham.org.br\/portal\/#website"},"datePublished":"2021-07-28T12:51:24+00:00","dateModified":"2021-07-28T13:58:59+00:00","breadcrumb":{"@id":"https:\/\/www.finncham.org.br\/portal\/event\/cafe-com-o-embaixador-3\/#breadcrumb"},"inLanguage":"en","potentialAction":[{"@type":"ReadAction","target":["https:\/\/www.finncham.org.br\/portal\/event\/cafe-com-o-embaixador-3\/"]}]},{"@type":"BreadcrumbList","@id":"https:\/\/www.finncham.org.br\/portal\/event\/cafe-com-o-embaixador-3\/#breadcrumb","itemListElement":[{"@type":"ListItem","position":1,"name":"Home","item":"https:\/\/www.finncham.org.br\/portal\/"},{"@type":"ListItem","position":2,"name":"Events","item":"https:\/\/www.finncham.org.br\/portal\/events\/"},{"@type":"ListItem","position":3,"name":"Caf\u00e9 com o Embaixador"}]},{"@type":"WebSite","@id":"https:\/\/www.finncham.org.br\/portal\/#website","url":"https:\/\/www.finncham.org.br\/portal\/","name":"Finncham Brazil","description":"The Official Brazil Finland Chamber Of Commerce.","potentialAction":[{"@type":"SearchAction","target":{"@type":"EntryPoint","urlTemplate":"https:\/\/www.finncham.org.br\/portal\/?s={search_term_string}"},"query-input":"required name=search_term_string"}],"inLanguage":"en"}]}},"ticketed":false,"_links":{"self":[{"href":"https:\/\/www.finncham.org.br\/portal\/wp-json\/wp\/v2\/tribe_events\/3193"}],"collection":[{"href":"https:\/\/www.finncham.org.br\/portal\/wp-json\/wp\/v2\/tribe_events"}],"about":[{"href":"https:\/\/www.finncham.org.br\/portal\/wp-json\/wp\/v2\/types\/tribe_events"}],"author":[{"embeddable":true,"href":"https:\/\/www.finncham.org.br\/portal\/wp-json\/wp\/v2\/users\/4"}],"replies":[{"embeddable":true,"href":"https:\/\/www.finncham.org.br\/portal\/wp-json\/wp\/v2\/comments?post=3193"}],"version-history":[{"count":5,"href":"https:\/\/www.finncham.org.br\/portal\/wp-json\/wp\/v2\/tribe_events\/3193\/revisions"}],"predecessor-version":[{"id":3196,"href":"https:\/\/www.finncham.org.br\/portal\/wp-json\/wp\/v2\/tribe_events\/3193\/revisions\/3196"}],"wp:featuredmedia":[{"embeddable":true,"href":"https:\/\/www.finncham.org.br\/portal\/wp-json\/wp\/v2\/media\/2819"}],"wp:attachment":[{"href":"https:\/\/www.finncham.org.br\/portal\/wp-json\/wp\/v2\/media?parent=3193"}],"wp:term":[{"taxonomy":"post_tag","embeddable":true,"href":"https:\/\/www.finncham.org.br\/portal\/wp-json\/wp\/v2\/tags?post=3193"},{"taxonomy":"tribe_events_cat","embeddable":true,"href":"https:\/\/www.finncham.org.br\/portal\/wp-json\/wp\/v2\/tribe_events_cat?post=3193"}],"curies":[{"name":"wp","href":"https:\/\/api.w.org\/{rel}","templated":true}]}}

Café com o Embaixador

<p>O Embaixador da Finlândia, Sr. Jouko Leinonen e o Presidente da<br />
FinnCham, Sr. Sergio Chamone, convidam para um Café da Manhã<br />
Virtual via Microsoft Teams. Quarta, 11/8, das 9.00h às 10.45h.</p>
<h3><a href="https://finncham.us5.list-manage.com/track/click?u=117211d8d0a075a339e6e8b6e&amp;id=dbefa6cb10&amp;e=df1691779e">Click here to join via Microsoft Teams</a></h3>
<p><img decoding="async" loading="lazy" class="lazyload wp-image-3194 alignleft" src="http://www.finncham.org.br/portal/wp-content/uploads/2021/07/cafe-august-1024x993.png" data-orig-src="http://www.finncham.org.br/portal/wp-content/uploads/2021/07/cafe-august-1024x993.png" alt="" width="716" height="695" srcset="data:image/svg+xml,%3Csvg%20xmlns%3D%27http%3A%2F%2Fwww.w3.org%2F2000%2Fsvg%27%20width%3D%27716%27%20height%3D%27695%27%20viewBox%3D%270%200%20716%20695%27%3E%3Crect%20width%3D%27716%27%20height%3D%273695%27%20fill-opacity%3D%220%22%2F%3E%3C%2Fsvg%3E" data-srcset="https://www.finncham.org.br/portal/wp-content/uploads/2021/07/cafe-august-50x50.png 50w, https://www.finncham.org.br/portal/wp-content/uploads/2021/07/cafe-august-150x146.png 150w, https://www.finncham.org.br/portal/wp-content/uploads/2021/07/cafe-august-200x194.png 200w, https://www.finncham.org.br/portal/wp-content/uploads/2021/07/cafe-august-300x291.png 300w, https://www.finncham.org.br/portal/wp-content/uploads/2021/07/cafe-august-400x388.png 400w, https://www.finncham.org.br/portal/wp-content/uploads/2021/07/cafe-august-500x485.png 500w, https://www.finncham.org.br/portal/wp-content/uploads/2021/07/cafe-august-600x582.png 600w, https://www.finncham.org.br/portal/wp-content/uploads/2021/07/cafe-august-768x745.png 768w, https://www.finncham.org.br/portal/wp-content/uploads/2021/07/cafe-august-800x776.png 800w, https://www.finncham.org.br/portal/wp-content/uploads/2021/07/cafe-august-1024x993.png 1024w, https://www.finncham.org.br/portal/wp-content/uploads/2021/07/cafe-august.png 1174w" data-sizes="auto" data-orig-sizes="(max-width: 716px) 100vw, 716px" /></p>
<p>&nbsp;</p>

<p>O Embaixador da Finlândia, Sr. Jouko Leinonen e o Presidente da FinnCham, Sr. Sergio Chamone, convidam para um Café da Manhã Virtual via Microsoft Teams. Quarta, 11/8, das 9.00h às 10.45h. Click here to join via Microsoft Teams &nbsp;</p>

<!-- This site is optimized with the Yoast SEO plugin v21.7 - https://yoast.com/wordpress/plugins/seo/ -->
<title>Café com o Embaixador - Finncham Brazil</title>
<meta name="robots" content="index, follow, max-snippet:-1, max-image-preview:large, max-video-preview:-1" />
<link rel="canonical" href="https://www.finncham.org.br/portal/event/cafe-com-o-embaixador-3/" />
<meta property="og:locale" content="en_US" />
<meta property="og:type" content="article" />
<meta property="og:title" content="Café com o Embaixador - Finncham Brazil" />
<meta property="og:description" content="O Embaixador da Finlândia, Sr. Jouko Leinonen e o Presidente da FinnCham, Sr. Sergio Chamone, convidam para um Café da Manhã Virtual via Microsoft Teams. Quarta, 11/8, das 9.00h às 10.45h. Click here to join via Microsoft Teams &nbsp;" />
<meta property="og:url" content="https://www.finncham.org.br/portal/event/cafe-com-o-embaixador-3/" />
<meta property="og:site_name" content="Finncham Brazil" />
<meta property="article:modified_time" content="2021-07-28T13:58:59+00:00" />
<meta property="og:image" content="https://www.finncham.org.br/portal/wp-content/uploads/2020/09/final-cafe-h-e1643028204892.png" />
	<meta property="og:image:width" content="800" />
	<meta property="og:image:height" content="332" />
	<meta property="og:image:type" content="image/png" />
<meta name="twitter:card" content="summary_large_image" />
<script type="application/ld+json" class="yoast-schema-graph">{"@context":"https://schema.org","@graph":[{"@type":"WebPage","@id":"https://www.finncham.org.br/portal/event/cafe-com-o-embaixador-3/","url":"https://www.finncham.org.br/portal/event/cafe-com-o-embaixador-3/","name":"Café com o Embaixador - Finncham Brazil","isPartOf":{"@id":"https://www.finncham.org.br/portal/#website"},"datePublished":"2021-07-28T12:51:24+00:00","dateModified":"2021-07-28T13:58:59+00:00","breadcrumb":{"@id":"https://www.finncham.org.br/portal/event/cafe-com-o-embaixador-3/#breadcrumb"},"inLanguage":"en","potentialAction":[{"@type":"ReadAction","target":["https://www.finncham.org.br/portal/event/cafe-com-o-embaixador-3/"]}]},{"@type":"BreadcrumbList","@id":"https://www.finncham.org.br/portal/event/cafe-com-o-embaixador-3/#breadcrumb","itemListElement":[{"@type":"ListItem","position":1,"name":"Home","item":"https://www.finncham.org.br/portal/"},{"@type":"ListItem","position":2,"name":"Events","item":"https://www.finncham.org.br/portal/events/"},{"@type":"ListItem","position":3,"name":"Café com o Embaixador"}]},{"@type":"WebSite","@id":"https://www.finncham.org.br/portal/#website","url":"https://www.finncham.org.br/portal/","name":"Finncham Brazil","description":"The Official Brazil Finland Chamber Of Commerce.","potentialAction":[{"@type":"SearchAction","target":{"@type":"EntryPoint","urlTemplate":"https://www.finncham.org.br/portal/?s={search_term_string}"},"query-input":"required name=search_term_string"}],"inLanguage":"en"}]}</script>
<!-- / Yoast SEO plugin. -->

Café com o Embaixador - Finncham Brazil

O Embaixador da Finlândia, Sr. Jouko Leinonen e o Presidente da FinnCham, Sr. Sergio Chamone, convidam para um Café da Manhã Virtual via Microsoft Teams. Quarta, 11/8, das 9.00h às 10.45h. Click here to join via Microsoft Teams &nbsp;
