{"id":3144,"date":"2021-02-26T14:50:24","date_gmt":"2021-02-26T14:50:24","guid":{"rendered":"http:\/\/www.finncham.org.br\/portal\/?post_type=tribe_events&#038;p=3144"},"modified":"2021-02-26T14:50:24","modified_gmt":"2021-02-26T14:50:24","slug":"cafe-com-o-embaixador-2","status":"publish","type":"tribe_events","link":"https:\/\/www.finncham.org.br\/portal\/event\/cafe-com-o-embaixador-2\/","title":{"rendered":"Caf\u00e9 com o Embaixador"},"content":{"rendered":"<p>O Embaixador da Finl\u00e2ndia, Sr. Jouko Leinonen e o Presidente da<br \/>\nFinnCham, Sr. Sergio Chamone, convidam para um Caf\u00e9 da Manh\u00e3<br \/>\nVirtual via Microsoft Teams. Quarta, 10\/3, das 9.00h \u00e0s 10.20h. link:<\/p>\n<p><a href=\"https:\/\/teams.microsoft.com\/dl\/launcher\/launcher.html?url=%2F_%23%2Fl%2Fmeetup-join%2F19%3Ameeting_M2VjYTViMmQtOGRmZC00MThiLThlMDctODZjZjkzOGRiZWM2%40thread.v2%2F0%3Fcontext%3D%257b%2522Tid%2522%253a%25220c7e2c24-41b6-469d-be40-cf2898dc69f9%2522%252c%2522Oid%2522%253a%2522cd3dc501-d037-4dd6-822f-3ab1802cc677%2522%257d%26anon%3Dtrue&amp;type=meetup-join&amp;deeplinkId=e24c5c4a-668a-4cd6-a1a3-1032cc018a2f&amp;directDl=true&amp;msLaunch=true&amp;enableMobilePage=true&amp;suppressPrompt=true\">Join conversation (microsoft.com<\/a><\/p>\n<p>&nbsp;<\/p>\n<p>Agenda:<\/p>\n<p>9.00 &#8211; 9.05 Abertura e boas-vindas pelo Presidente da FinnCham, Sergio Chamone,<br \/>\n9.05 &#8211; 9.15 Coment\u00e1rios iniciais do Embaixador Jouko Leinonen<br \/>\n9.15 &#8211; 10.00 Sr Jarmo Sareva, Embaixador da Inova\u00e7\u00e3o (em ingl\u00e9s)<br \/>\n10.00 &#8211; 10.20 C\u00f4nsul Honor\u00e1ria Patricia Coutinho sobre as possibilidades para empresas<br \/>\n10.20 Fechamento pelo Presidente da FinnCham, Sergio Chamone,<br \/>\ne pelo C\u00f4nsul Lasse Keisalo<br \/>\nfinlandesas em Minas Gerais<br \/>\ne pelo C\u00f4nsul Lasse Keisalo<\/p>\n","protected":false},"excerpt":{"rendered":"<p>O Embaixador da Finl\u00e2ndia, Sr. Jouko Leinonen e o Presidente da FinnCham, Sr. Sergio Chamone, convidam para um Caf\u00e9 da Manh\u00e3 Virtual via Microsoft Teams. Quarta, 10\/3, das 9.00h \u00e0s 10.20h. link: Join conversation (microsoft.com &nbsp; Agenda: 9.00 &#8211; 9.05 Abertura e boas-vindas pelo Presidente da FinnCham, Sergio Chamone, 9.05 &#8211; 9.15 Coment\u00e1rios iniciais do [&hellip;]<\/p>\n","protected":false},"author":4,"featured_media":2819,"comment_status":"open","ping_status":"closed","template":"","meta":{"_price":"","_stock":"","_tribe_ticket_header":"","_tribe_default_ticket_provider":"","_tribe_ticket_capacity":"0","_ticket_start_date":"","_ticket_end_date":"","_tribe_ticket_show_description":"","_tribe_ticket_show_not_going":false,"_tribe_ticket_use_global_stock":"","_tribe_ticket_global_stock_level":"","_global_stock_mode":"","_global_stock_cap":"","_tribe_rsvp_for_event":"","_tribe_ticket_going_count":"","_tribe_ticket_not_going_count":"","_tribe_tickets_list":[],"_tribe_ticket_has_attendee_info_fields":false,"_tribe_events_status":"","_tribe_events_status_reason":""},"tags":[],"tribe_events_cat":[89],"yoast_head":"<!-- This site is optimized with the Yoast SEO plugin v21.7 - https:\/\/yoast.com\/wordpress\/plugins\/seo\/ -->\n<title>Caf\u00e9 com o Embaixador - Finncham Brazil<\/title>\n<meta name=\"robots\" content=\"index, follow, max-snippet:-1, max-image-preview:large, max-video-preview:-1\" \/>\n<link rel=\"canonical\" href=\"https:\/\/www.finncham.org.br\/portal\/event\/cafe-com-o-embaixador-2\/\" \/>\n<meta property=\"og:locale\" content=\"en_US\" \/>\n<meta property=\"og:type\" content=\"article\" \/>\n<meta property=\"og:title\" content=\"Caf\u00e9 com o Embaixador - Finncham Brazil\" \/>\n<meta property=\"og:description\" content=\"O Embaixador da Finl\u00e2ndia, Sr. Jouko Leinonen e o Presidente da FinnCham, Sr. Sergio Chamone, convidam para um Caf\u00e9 da Manh\u00e3 Virtual via Microsoft Teams. Quarta, 10\/3, das 9.00h \u00e0s 10.20h. link: Join conversation (microsoft.com &nbsp; Agenda: 9.00 &#8211; 9.05 Abertura e boas-vindas pelo Presidente da FinnCham, Sergio Chamone, 9.05 &#8211; 9.15 Coment\u00e1rios iniciais do [&hellip;]\" \/>\n<meta property=\"og:url\" content=\"https:\/\/www.finncham.org.br\/portal\/event\/cafe-com-o-embaixador-2\/\" \/>\n<meta property=\"og:site_name\" content=\"Finncham Brazil\" \/>\n<meta property=\"og:image\" content=\"https:\/\/www.finncham.org.br\/portal\/wp-content\/uploads\/2020\/09\/final-cafe-h-e1643028204892.png\" \/>\n\t<meta property=\"og:image:width\" content=\"800\" \/>\n\t<meta property=\"og:image:height\" content=\"332\" \/>\n\t<meta property=\"og:image:type\" content=\"image\/png\" \/>\n<meta name=\"twitter:card\" content=\"summary_large_image\" \/>\n<meta name=\"twitter:label1\" content=\"Est. reading time\" \/>\n\t<meta name=\"twitter:data1\" content=\"1 minute\" \/>\n<script type=\"application\/ld+json\" class=\"yoast-schema-graph\">{\"@context\":\"https:\/\/schema.org\",\"@graph\":[{\"@type\":\"WebPage\",\"@id\":\"https:\/\/www.finncham.org.br\/portal\/event\/cafe-com-o-embaixador-2\/\",\"url\":\"https:\/\/www.finncham.org.br\/portal\/event\/cafe-com-o-embaixador-2\/\",\"name\":\"Caf\u00e9 com o Embaixador - Finncham Brazil\",\"isPartOf\":{\"@id\":\"https:\/\/www.finncham.org.br\/portal\/#website\"},\"datePublished\":\"2021-02-26T14:50:24+00:00\",\"dateModified\":\"2021-02-26T14:50:24+00:00\",\"breadcrumb\":{\"@id\":\"https:\/\/www.finncham.org.br\/portal\/event\/cafe-com-o-embaixador-2\/#breadcrumb\"},\"inLanguage\":\"en\",\"potentialAction\":[{\"@type\":\"ReadAction\",\"target\":[\"https:\/\/www.finncham.org.br\/portal\/event\/cafe-com-o-embaixador-2\/\"]}]},{\"@type\":\"BreadcrumbList\",\"@id\":\"https:\/\/www.finncham.org.br\/portal\/event\/cafe-com-o-embaixador-2\/#breadcrumb\",\"itemListElement\":[{\"@type\":\"ListItem\",\"position\":1,\"name\":\"Home\",\"item\":\"https:\/\/www.finncham.org.br\/portal\/\"},{\"@type\":\"ListItem\",\"position\":2,\"name\":\"Events\",\"item\":\"https:\/\/www.finncham.org.br\/portal\/events\/\"},{\"@type\":\"ListItem\",\"position\":3,\"name\":\"Caf\u00e9 com o Embaixador\"}]},{\"@type\":\"WebSite\",\"@id\":\"https:\/\/www.finncham.org.br\/portal\/#website\",\"url\":\"https:\/\/www.finncham.org.br\/portal\/\",\"name\":\"Finncham Brazil\",\"description\":\"The Official Brazil Finland Chamber Of Commerce.\",\"potentialAction\":[{\"@type\":\"SearchAction\",\"target\":{\"@type\":\"EntryPoint\",\"urlTemplate\":\"https:\/\/www.finncham.org.br\/portal\/?s={search_term_string}\"},\"query-input\":\"required name=search_term_string\"}],\"inLanguage\":\"en\"}]}<\/script>\n<!-- \/ Yoast SEO plugin. -->","yoast_head_json":{"title":"Caf\u00e9 com o Embaixador - Finncham Brazil","robots":{"index":"index","follow":"follow","max-snippet":"max-snippet:-1","max-image-preview":"max-image-preview:large","max-video-preview":"max-video-preview:-1"},"canonical":"https:\/\/www.finncham.org.br\/portal\/event\/cafe-com-o-embaixador-2\/","og_locale":"en_US","og_type":"article","og_title":"Caf\u00e9 com o Embaixador - Finncham Brazil","og_description":"O Embaixador da Finl\u00e2ndia, Sr. Jouko Leinonen e o Presidente da FinnCham, Sr. Sergio Chamone, convidam para um Caf\u00e9 da Manh\u00e3 Virtual via Microsoft Teams. Quarta, 10\/3, das 9.00h \u00e0s 10.20h. link: Join conversation (microsoft.com &nbsp; Agenda: 9.00 &#8211; 9.05 Abertura e boas-vindas pelo Presidente da FinnCham, Sergio Chamone, 9.05 &#8211; 9.15 Coment\u00e1rios iniciais do [&hellip;]","og_url":"https:\/\/www.finncham.org.br\/portal\/event\/cafe-com-o-embaixador-2\/","og_site_name":"Finncham Brazil","og_image":[{"width":800,"height":332,"url":"https:\/\/www.finncham.org.br\/portal\/wp-content\/uploads\/2020\/09\/final-cafe-h-e1643028204892.png","type":"image\/png"}],"twitter_card":"summary_large_image","twitter_misc":{"Est. reading time":"1 minute"},"schema":{"@context":"https:\/\/schema.org","@graph":[{"@type":"WebPage","@id":"https:\/\/www.finncham.org.br\/portal\/event\/cafe-com-o-embaixador-2\/","url":"https:\/\/www.finncham.org.br\/portal\/event\/cafe-com-o-embaixador-2\/","name":"Caf\u00e9 com o Embaixador - Finncham Brazil","isPartOf":{"@id":"https:\/\/www.finncham.org.br\/portal\/#website"},"datePublished":"2021-02-26T14:50:24+00:00","dateModified":"2021-02-26T14:50:24+00:00","breadcrumb":{"@id":"https:\/\/www.finncham.org.br\/portal\/event\/cafe-com-o-embaixador-2\/#breadcrumb"},"inLanguage":"en","potentialAction":[{"@type":"ReadAction","target":["https:\/\/www.finncham.org.br\/portal\/event\/cafe-com-o-embaixador-2\/"]}]},{"@type":"BreadcrumbList","@id":"https:\/\/www.finncham.org.br\/portal\/event\/cafe-com-o-embaixador-2\/#breadcrumb","itemListElement":[{"@type":"ListItem","position":1,"name":"Home","item":"https:\/\/www.finncham.org.br\/portal\/"},{"@type":"ListItem","position":2,"name":"Events","item":"https:\/\/www.finncham.org.br\/portal\/events\/"},{"@type":"ListItem","position":3,"name":"Caf\u00e9 com o Embaixador"}]},{"@type":"WebSite","@id":"https:\/\/www.finncham.org.br\/portal\/#website","url":"https:\/\/www.finncham.org.br\/portal\/","name":"Finncham Brazil","description":"The Official Brazil Finland Chamber Of Commerce.","potentialAction":[{"@type":"SearchAction","target":{"@type":"EntryPoint","urlTemplate":"https:\/\/www.finncham.org.br\/portal\/?s={search_term_string}"},"query-input":"required name=search_term_string"}],"inLanguage":"en"}]}},"ticketed":false,"_links":{"self":[{"href":"https:\/\/www.finncham.org.br\/portal\/wp-json\/wp\/v2\/tribe_events\/3144"}],"collection":[{"href":"https:\/\/www.finncham.org.br\/portal\/wp-json\/wp\/v2\/tribe_events"}],"about":[{"href":"https:\/\/www.finncham.org.br\/portal\/wp-json\/wp\/v2\/types\/tribe_events"}],"author":[{"embeddable":true,"href":"https:\/\/www.finncham.org.br\/portal\/wp-json\/wp\/v2\/users\/4"}],"replies":[{"embeddable":true,"href":"https:\/\/www.finncham.org.br\/portal\/wp-json\/wp\/v2\/comments?post=3144"}],"version-history":[{"count":1,"href":"https:\/\/www.finncham.org.br\/portal\/wp-json\/wp\/v2\/tribe_events\/3144\/revisions"}],"predecessor-version":[{"id":3145,"href":"https:\/\/www.finncham.org.br\/portal\/wp-json\/wp\/v2\/tribe_events\/3144\/revisions\/3145"}],"wp:featuredmedia":[{"embeddable":true,"href":"https:\/\/www.finncham.org.br\/portal\/wp-json\/wp\/v2\/media\/2819"}],"wp:attachment":[{"href":"https:\/\/www.finncham.org.br\/portal\/wp-json\/wp\/v2\/media?parent=3144"}],"wp:term":[{"taxonomy":"post_tag","embeddable":true,"href":"https:\/\/www.finncham.org.br\/portal\/wp-json\/wp\/v2\/tags?post=3144"},{"taxonomy":"tribe_events_cat","embeddable":true,"href":"https:\/\/www.finncham.org.br\/portal\/wp-json\/wp\/v2\/tribe_events_cat?post=3144"}],"curies":[{"name":"wp","href":"https:\/\/api.w.org\/{rel}","templated":true}]}}

Café com o Embaixador

<p>O Embaixador da Finlândia, Sr. Jouko Leinonen e o Presidente da<br />
FinnCham, Sr. Sergio Chamone, convidam para um Café da Manhã<br />
Virtual via Microsoft Teams. Quarta, 10/3, das 9.00h às 10.20h. link:</p>
<p><a href="https://teams.microsoft.com/dl/launcher/launcher.html?url=%2F_%23%2Fl%2Fmeetup-join%2F19%3Ameeting_M2VjYTViMmQtOGRmZC00MThiLThlMDctODZjZjkzOGRiZWM2%40thread.v2%2F0%3Fcontext%3D%257b%2522Tid%2522%253a%25220c7e2c24-41b6-469d-be40-cf2898dc69f9%2522%252c%2522Oid%2522%253a%2522cd3dc501-d037-4dd6-822f-3ab1802cc677%2522%257d%26anon%3Dtrue&amp;type=meetup-join&amp;deeplinkId=e24c5c4a-668a-4cd6-a1a3-1032cc018a2f&amp;directDl=true&amp;msLaunch=true&amp;enableMobilePage=true&amp;suppressPrompt=true">Join conversation (microsoft.com</a></p>
<p>&nbsp;</p>
<p>Agenda:</p>
<p>9.00 &#8211; 9.05 Abertura e boas-vindas pelo Presidente da FinnCham, Sergio Chamone,<br />
9.05 &#8211; 9.15 Comentários iniciais do Embaixador Jouko Leinonen<br />
9.15 &#8211; 10.00 Sr Jarmo Sareva, Embaixador da Inovação (em inglés)<br />
10.00 &#8211; 10.20 Cônsul Honorária Patricia Coutinho sobre as possibilidades para empresas<br />
10.20 Fechamento pelo Presidente da FinnCham, Sergio Chamone,<br />
e pelo Cônsul Lasse Keisalo<br />
finlandesas em Minas Gerais<br />
e pelo Cônsul Lasse Keisalo</p>

<p>O Embaixador da Finlândia, Sr. Jouko Leinonen e o Presidente da FinnCham, Sr. Sergio Chamone, convidam para um Café da Manhã Virtual via Microsoft Teams. Quarta, 10/3, das 9.00h às 10.20h. link: Join conversation (microsoft.com &nbsp; Agenda: 9.00 &#8211; 9.05 Abertura e boas-vindas pelo Presidente da FinnCham, Sergio Chamone, 9.05 &#8211; 9.15 Comentários iniciais do [&hellip;]</p>

<!-- This site is optimized with the Yoast SEO plugin v21.7 - https://yoast.com/wordpress/plugins/seo/ -->
<title>Café com o Embaixador - Finncham Brazil</title>
<meta name="robots" content="index, follow, max-snippet:-1, max-image-preview:large, max-video-preview:-1" />
<link rel="canonical" href="https://www.finncham.org.br/portal/event/cafe-com-o-embaixador-2/" />
<meta property="og:locale" content="en_US" />
<meta property="og:type" content="article" />
<meta property="og:title" content="Café com o Embaixador - Finncham Brazil" />
<meta property="og:description" content="O Embaixador da Finlândia, Sr. Jouko Leinonen e o Presidente da FinnCham, Sr. Sergio Chamone, convidam para um Café da Manhã Virtual via Microsoft Teams. Quarta, 10/3, das 9.00h às 10.20h. link: Join conversation (microsoft.com &nbsp; Agenda: 9.00 &#8211; 9.05 Abertura e boas-vindas pelo Presidente da FinnCham, Sergio Chamone, 9.05 &#8211; 9.15 Comentários iniciais do [&hellip;]" />
<meta property="og:url" content="https://www.finncham.org.br/portal/event/cafe-com-o-embaixador-2/" />
<meta property="og:site_name" content="Finncham Brazil" />
<meta property="og:image" content="https://www.finncham.org.br/portal/wp-content/uploads/2020/09/final-cafe-h-e1643028204892.png" />
	<meta property="og:image:width" content="800" />
	<meta property="og:image:height" content="332" />
	<meta property="og:image:type" content="image/png" />
<meta name="twitter:card" content="summary_large_image" />
<meta name="twitter:label1" content="Est. reading time" />
	<meta name="twitter:data1" content="1 minute" />
<script type="application/ld+json" class="yoast-schema-graph">{"@context":"https://schema.org","@graph":[{"@type":"WebPage","@id":"https://www.finncham.org.br/portal/event/cafe-com-o-embaixador-2/","url":"https://www.finncham.org.br/portal/event/cafe-com-o-embaixador-2/","name":"Café com o Embaixador - Finncham Brazil","isPartOf":{"@id":"https://www.finncham.org.br/portal/#website"},"datePublished":"2021-02-26T14:50:24+00:00","dateModified":"2021-02-26T14:50:24+00:00","breadcrumb":{"@id":"https://www.finncham.org.br/portal/event/cafe-com-o-embaixador-2/#breadcrumb"},"inLanguage":"en","potentialAction":[{"@type":"ReadAction","target":["https://www.finncham.org.br/portal/event/cafe-com-o-embaixador-2/"]}]},{"@type":"BreadcrumbList","@id":"https://www.finncham.org.br/portal/event/cafe-com-o-embaixador-2/#breadcrumb","itemListElement":[{"@type":"ListItem","position":1,"name":"Home","item":"https://www.finncham.org.br/portal/"},{"@type":"ListItem","position":2,"name":"Events","item":"https://www.finncham.org.br/portal/events/"},{"@type":"ListItem","position":3,"name":"Café com o Embaixador"}]},{"@type":"WebSite","@id":"https://www.finncham.org.br/portal/#website","url":"https://www.finncham.org.br/portal/","name":"Finncham Brazil","description":"The Official Brazil Finland Chamber Of Commerce.","potentialAction":[{"@type":"SearchAction","target":{"@type":"EntryPoint","urlTemplate":"https://www.finncham.org.br/portal/?s={search_term_string}"},"query-input":"required name=search_term_string"}],"inLanguage":"en"}]}</script>
<!-- / Yoast SEO plugin. -->

Café com o Embaixador - Finncham Brazil

O Embaixador da Finlândia, Sr. Jouko Leinonen e o Presidente da FinnCham, Sr. Sergio Chamone, convidam para um Café da Manhã Virtual via Microsoft Teams. Quarta, 10/3, das 9.00h às 10.20h. link: Join conversation (microsoft.com &nbsp; Agenda: 9.00 &#8211; 9.05 Abertura e boas-vindas pelo Presidente da FinnCham, Sergio Chamone, 9.05 &#8211; 9.15 Comentários iniciais do [&hellip;]
