{"id":3116,"date":"2021-01-20T12:42:21","date_gmt":"2021-01-20T12:42:21","guid":{"rendered":"http:\/\/www.finncham.org.br\/portal\/?post_type=tribe_events&#038;p=3116"},"modified":"2021-01-20T12:42:21","modified_gmt":"2021-01-20T12:42:21","slug":"cafe-da-manha-20-01-2021","status":"publish","type":"tribe_events","link":"https:\/\/www.finncham.org.br\/portal\/event\/cafe-da-manha-20-01-2021\/","title":{"rendered":"Caf\u00e9 da Manh\u00e3 20\/01\/2021"},"content":{"rendered":"<p class=\"_04xlpA direction-ltr align-center para-style-body\"><span class=\"JsGRdQ\">O Embaixador da Finl\u00e2ndia, Sr. Jouko Leinonen e o Presidente da FinnCham, Sr. Sergio Chamone, convidam para um <\/span><span class=\"JsGRdQ\">Caf\u00e9 da Manh\u00e3 <\/span><span class=\"JsGRdQ\">Virtual via Microsoft Teams. Quarta-feira, <\/span><span class=\"JsGRdQ\">20\/01<\/span><span class=\"JsGRdQ\">, das <\/span><span class=\"JsGRdQ\">9.00h<\/span><span class=\"JsGRdQ\"> \u00e0s <\/span><span class=\"JsGRdQ\">10.15h<\/span><span class=\"JsGRdQ\">.<\/span><\/p>\n<p>Agenda:<\/p>\n<ul>\n<li><span class=\"JsGRdQ\">9.00 &#8211; 9.05<\/span> <span class=\"JsGRdQ\">Abertura e boas-vindas pelo Presidente da FinnCham, Sergio Chamone,<\/span>e pelo C\u00f4nsul Lasse Keissalo<\/li>\n<li><span class=\"JsGRdQ\">9.05 &#8211; 9.15<\/span> <span class=\"JsGRdQ\">Coment\u00e1rios iniciais do Embaixador Jouko Leinonen<\/span><\/li>\n<li><span class=\"JsGRdQ\">9.15 &#8211; 10.00<\/span> <span class=\"JsGRdQ\">Mr. Pekka Voutilainen, Embaixador de Com\u00e9rcio e Desenvolvimento.<\/span><\/li>\n<li><span class=\"JsGRdQ\">10.00 &#8211; 10.15<\/span> <span class=\"JsGRdQ\">Perguntas e respostas<\/span><\/li>\n<li><span class=\"JsGRdQ\">10.15<\/span> <span class=\"JsGRdQ\">Fechamento (em Portugu\u00eas) pelo Presidente da FinnCham, Sergio <\/span>Chamone, e pelo C\u00f4nsul Lasse Keissalo<\/li>\n<li><img decoding=\"async\" loading=\"lazy\" class=\"lazyload alignnone  wp-image-3117\" src=\"http:\/\/www.finncham.org.br\/portal\/wp-content\/uploads\/2021\/01\/Blue-Green-Watercolor-Flowy-Script-Style-Wedding-Invitation.png\" data-orig-src=\"http:\/\/www.finncham.org.br\/portal\/wp-content\/uploads\/2021\/01\/Blue-Green-Watercolor-Flowy-Script-Style-Wedding-Invitation.png\" alt=\"\" width=\"341\" height=\"480\" srcset=\"data:image\/svg+xml,%3Csvg%20xmlns%3D%27http%3A%2F%2Fwww.w3.org%2F2000%2Fsvg%27%20width%3D%27341%27%20height%3D%27480%27%20viewBox%3D%270%200%20341%20480%27%3E%3Crect%20width%3D%27341%27%20height%3D%273480%27%20fill-opacity%3D%220%22%2F%3E%3C%2Fsvg%3E\" data-srcset=\"https:\/\/www.finncham.org.br\/portal\/wp-content\/uploads\/2021\/01\/Blue-Green-Watercolor-Flowy-Script-Style-Wedding-Invitation-150x211.png 150w, https:\/\/www.finncham.org.br\/portal\/wp-content\/uploads\/2021\/01\/Blue-Green-Watercolor-Flowy-Script-Style-Wedding-Invitation-200x282.png 200w, https:\/\/www.finncham.org.br\/portal\/wp-content\/uploads\/2021\/01\/Blue-Green-Watercolor-Flowy-Script-Style-Wedding-Invitation-213x300.png 213w, https:\/\/www.finncham.org.br\/portal\/wp-content\/uploads\/2021\/01\/Blue-Green-Watercolor-Flowy-Script-Style-Wedding-Invitation-355x500.png 355w, https:\/\/www.finncham.org.br\/portal\/wp-content\/uploads\/2021\/01\/Blue-Green-Watercolor-Flowy-Script-Style-Wedding-Invitation-400x564.png 400w, https:\/\/www.finncham.org.br\/portal\/wp-content\/uploads\/2021\/01\/Blue-Green-Watercolor-Flowy-Script-Style-Wedding-Invitation-600x845.png 600w, https:\/\/www.finncham.org.br\/portal\/wp-content\/uploads\/2021\/01\/Blue-Green-Watercolor-Flowy-Script-Style-Wedding-Invitation-727x1024.png 727w, https:\/\/www.finncham.org.br\/portal\/wp-content\/uploads\/2021\/01\/Blue-Green-Watercolor-Flowy-Script-Style-Wedding-Invitation-768x1082.png 768w, https:\/\/www.finncham.org.br\/portal\/wp-content\/uploads\/2021\/01\/Blue-Green-Watercolor-Flowy-Script-Style-Wedding-Invitation-800x1127.png 800w, https:\/\/www.finncham.org.br\/portal\/wp-content\/uploads\/2021\/01\/Blue-Green-Watercolor-Flowy-Script-Style-Wedding-Invitation-1090x1536.png 1090w, https:\/\/www.finncham.org.br\/portal\/wp-content\/uploads\/2021\/01\/Blue-Green-Watercolor-Flowy-Script-Style-Wedding-Invitation-1200x1691.png 1200w, https:\/\/www.finncham.org.br\/portal\/wp-content\/uploads\/2021\/01\/Blue-Green-Watercolor-Flowy-Script-Style-Wedding-Invitation.png 1240w\" data-sizes=\"auto\" data-orig-sizes=\"(max-width: 341px) 100vw, 341px\" \/><\/li>\n<\/ul>\n","protected":false},"excerpt":{"rendered":"<p>O Embaixador da Finl\u00e2ndia, Sr. Jouko Leinonen e o Presidente da FinnCham, Sr. Sergio Chamone, convidam para um Caf\u00e9 da Manh\u00e3 Virtual via Microsoft Teams. Quarta-feira, 20\/01, das 9.00h \u00e0s 10.15h. Agenda: 9.00 &#8211; 9.05 Abertura e boas-vindas pelo Presidente da FinnCham, Sergio Chamone,e pelo C\u00f4nsul Lasse Keissalo 9.05 &#8211; 9.15 Coment\u00e1rios iniciais do Embaixador [&hellip;]<\/p>\n","protected":false},"author":4,"featured_media":2819,"comment_status":"open","ping_status":"closed","template":"","meta":{"_price":"","_stock":"","_tribe_ticket_header":"","_tribe_default_ticket_provider":"","_tribe_ticket_capacity":"0","_ticket_start_date":"","_ticket_end_date":"","_tribe_ticket_show_description":"","_tribe_ticket_show_not_going":false,"_tribe_ticket_use_global_stock":"","_tribe_ticket_global_stock_level":"","_global_stock_mode":"","_global_stock_cap":"","_tribe_rsvp_for_event":"","_tribe_ticket_going_count":"","_tribe_ticket_not_going_count":"","_tribe_tickets_list":[],"_tribe_ticket_has_attendee_info_fields":false,"_tribe_events_status":"","_tribe_events_status_reason":""},"tags":[],"tribe_events_cat":[89,87],"yoast_head":"<!-- This site is optimized with the Yoast SEO plugin v21.7 - https:\/\/yoast.com\/wordpress\/plugins\/seo\/ -->\n<title>Caf\u00e9 da Manh\u00e3 20\/01\/2021 - Finncham Brazil<\/title>\n<meta name=\"robots\" content=\"index, follow, max-snippet:-1, max-image-preview:large, max-video-preview:-1\" \/>\n<link rel=\"canonical\" href=\"https:\/\/www.finncham.org.br\/portal\/event\/cafe-da-manha-20-01-2021\/\" \/>\n<meta property=\"og:locale\" content=\"en_US\" \/>\n<meta property=\"og:type\" content=\"article\" \/>\n<meta property=\"og:title\" content=\"Caf\u00e9 da Manh\u00e3 20\/01\/2021 - Finncham Brazil\" \/>\n<meta property=\"og:description\" content=\"O Embaixador da Finl\u00e2ndia, Sr. Jouko Leinonen e o Presidente da FinnCham, Sr. Sergio Chamone, convidam para um Caf\u00e9 da Manh\u00e3 Virtual via Microsoft Teams. Quarta-feira, 20\/01, das 9.00h \u00e0s 10.15h. Agenda: 9.00 &#8211; 9.05 Abertura e boas-vindas pelo Presidente da FinnCham, Sergio Chamone,e pelo C\u00f4nsul Lasse Keissalo 9.05 &#8211; 9.15 Coment\u00e1rios iniciais do Embaixador [&hellip;]\" \/>\n<meta property=\"og:url\" content=\"https:\/\/www.finncham.org.br\/portal\/event\/cafe-da-manha-20-01-2021\/\" \/>\n<meta property=\"og:site_name\" content=\"Finncham Brazil\" \/>\n<meta property=\"og:image\" content=\"https:\/\/www.finncham.org.br\/portal\/wp-content\/uploads\/2020\/09\/final-cafe-h-e1643028204892.png\" \/>\n\t<meta property=\"og:image:width\" content=\"800\" \/>\n\t<meta property=\"og:image:height\" content=\"332\" \/>\n\t<meta property=\"og:image:type\" content=\"image\/png\" \/>\n<meta name=\"twitter:card\" content=\"summary_large_image\" \/>\n<script type=\"application\/ld+json\" class=\"yoast-schema-graph\">{\"@context\":\"https:\/\/schema.org\",\"@graph\":[{\"@type\":\"WebPage\",\"@id\":\"https:\/\/www.finncham.org.br\/portal\/event\/cafe-da-manha-20-01-2021\/\",\"url\":\"https:\/\/www.finncham.org.br\/portal\/event\/cafe-da-manha-20-01-2021\/\",\"name\":\"Caf\u00e9 da Manh\u00e3 20\/01\/2021 - Finncham Brazil\",\"isPartOf\":{\"@id\":\"https:\/\/www.finncham.org.br\/portal\/#website\"},\"datePublished\":\"2021-01-20T12:42:21+00:00\",\"dateModified\":\"2021-01-20T12:42:21+00:00\",\"breadcrumb\":{\"@id\":\"https:\/\/www.finncham.org.br\/portal\/event\/cafe-da-manha-20-01-2021\/#breadcrumb\"},\"inLanguage\":\"en\",\"potentialAction\":[{\"@type\":\"ReadAction\",\"target\":[\"https:\/\/www.finncham.org.br\/portal\/event\/cafe-da-manha-20-01-2021\/\"]}]},{\"@type\":\"BreadcrumbList\",\"@id\":\"https:\/\/www.finncham.org.br\/portal\/event\/cafe-da-manha-20-01-2021\/#breadcrumb\",\"itemListElement\":[{\"@type\":\"ListItem\",\"position\":1,\"name\":\"Home\",\"item\":\"https:\/\/www.finncham.org.br\/portal\/\"},{\"@type\":\"ListItem\",\"position\":2,\"name\":\"Events\",\"item\":\"https:\/\/www.finncham.org.br\/portal\/events\/\"},{\"@type\":\"ListItem\",\"position\":3,\"name\":\"Caf\u00e9 da Manh\u00e3 20\/01\/2021\"}]},{\"@type\":\"WebSite\",\"@id\":\"https:\/\/www.finncham.org.br\/portal\/#website\",\"url\":\"https:\/\/www.finncham.org.br\/portal\/\",\"name\":\"Finncham Brazil\",\"description\":\"The Official Brazil Finland Chamber Of Commerce.\",\"potentialAction\":[{\"@type\":\"SearchAction\",\"target\":{\"@type\":\"EntryPoint\",\"urlTemplate\":\"https:\/\/www.finncham.org.br\/portal\/?s={search_term_string}\"},\"query-input\":\"required name=search_term_string\"}],\"inLanguage\":\"en\"}]}<\/script>\n<!-- \/ Yoast SEO plugin. -->","yoast_head_json":{"title":"Caf\u00e9 da Manh\u00e3 20\/01\/2021 - Finncham Brazil","robots":{"index":"index","follow":"follow","max-snippet":"max-snippet:-1","max-image-preview":"max-image-preview:large","max-video-preview":"max-video-preview:-1"},"canonical":"https:\/\/www.finncham.org.br\/portal\/event\/cafe-da-manha-20-01-2021\/","og_locale":"en_US","og_type":"article","og_title":"Caf\u00e9 da Manh\u00e3 20\/01\/2021 - Finncham Brazil","og_description":"O Embaixador da Finl\u00e2ndia, Sr. Jouko Leinonen e o Presidente da FinnCham, Sr. Sergio Chamone, convidam para um Caf\u00e9 da Manh\u00e3 Virtual via Microsoft Teams. Quarta-feira, 20\/01, das 9.00h \u00e0s 10.15h. Agenda: 9.00 &#8211; 9.05 Abertura e boas-vindas pelo Presidente da FinnCham, Sergio Chamone,e pelo C\u00f4nsul Lasse Keissalo 9.05 &#8211; 9.15 Coment\u00e1rios iniciais do Embaixador [&hellip;]","og_url":"https:\/\/www.finncham.org.br\/portal\/event\/cafe-da-manha-20-01-2021\/","og_site_name":"Finncham Brazil","og_image":[{"width":800,"height":332,"url":"https:\/\/www.finncham.org.br\/portal\/wp-content\/uploads\/2020\/09\/final-cafe-h-e1643028204892.png","type":"image\/png"}],"twitter_card":"summary_large_image","schema":{"@context":"https:\/\/schema.org","@graph":[{"@type":"WebPage","@id":"https:\/\/www.finncham.org.br\/portal\/event\/cafe-da-manha-20-01-2021\/","url":"https:\/\/www.finncham.org.br\/portal\/event\/cafe-da-manha-20-01-2021\/","name":"Caf\u00e9 da Manh\u00e3 20\/01\/2021 - Finncham Brazil","isPartOf":{"@id":"https:\/\/www.finncham.org.br\/portal\/#website"},"datePublished":"2021-01-20T12:42:21+00:00","dateModified":"2021-01-20T12:42:21+00:00","breadcrumb":{"@id":"https:\/\/www.finncham.org.br\/portal\/event\/cafe-da-manha-20-01-2021\/#breadcrumb"},"inLanguage":"en","potentialAction":[{"@type":"ReadAction","target":["https:\/\/www.finncham.org.br\/portal\/event\/cafe-da-manha-20-01-2021\/"]}]},{"@type":"BreadcrumbList","@id":"https:\/\/www.finncham.org.br\/portal\/event\/cafe-da-manha-20-01-2021\/#breadcrumb","itemListElement":[{"@type":"ListItem","position":1,"name":"Home","item":"https:\/\/www.finncham.org.br\/portal\/"},{"@type":"ListItem","position":2,"name":"Events","item":"https:\/\/www.finncham.org.br\/portal\/events\/"},{"@type":"ListItem","position":3,"name":"Caf\u00e9 da Manh\u00e3 20\/01\/2021"}]},{"@type":"WebSite","@id":"https:\/\/www.finncham.org.br\/portal\/#website","url":"https:\/\/www.finncham.org.br\/portal\/","name":"Finncham Brazil","description":"The Official Brazil Finland Chamber Of Commerce.","potentialAction":[{"@type":"SearchAction","target":{"@type":"EntryPoint","urlTemplate":"https:\/\/www.finncham.org.br\/portal\/?s={search_term_string}"},"query-input":"required name=search_term_string"}],"inLanguage":"en"}]}},"ticketed":false,"_links":{"self":[{"href":"https:\/\/www.finncham.org.br\/portal\/wp-json\/wp\/v2\/tribe_events\/3116"}],"collection":[{"href":"https:\/\/www.finncham.org.br\/portal\/wp-json\/wp\/v2\/tribe_events"}],"about":[{"href":"https:\/\/www.finncham.org.br\/portal\/wp-json\/wp\/v2\/types\/tribe_events"}],"author":[{"embeddable":true,"href":"https:\/\/www.finncham.org.br\/portal\/wp-json\/wp\/v2\/users\/4"}],"replies":[{"embeddable":true,"href":"https:\/\/www.finncham.org.br\/portal\/wp-json\/wp\/v2\/comments?post=3116"}],"version-history":[{"count":1,"href":"https:\/\/www.finncham.org.br\/portal\/wp-json\/wp\/v2\/tribe_events\/3116\/revisions"}],"predecessor-version":[{"id":3118,"href":"https:\/\/www.finncham.org.br\/portal\/wp-json\/wp\/v2\/tribe_events\/3116\/revisions\/3118"}],"wp:featuredmedia":[{"embeddable":true,"href":"https:\/\/www.finncham.org.br\/portal\/wp-json\/wp\/v2\/media\/2819"}],"wp:attachment":[{"href":"https:\/\/www.finncham.org.br\/portal\/wp-json\/wp\/v2\/media?parent=3116"}],"wp:term":[{"taxonomy":"post_tag","embeddable":true,"href":"https:\/\/www.finncham.org.br\/portal\/wp-json\/wp\/v2\/tags?post=3116"},{"taxonomy":"tribe_events_cat","embeddable":true,"href":"https:\/\/www.finncham.org.br\/portal\/wp-json\/wp\/v2\/tribe_events_cat?post=3116"}],"curies":[{"name":"wp","href":"https:\/\/api.w.org\/{rel}","templated":true}]}}

Café da Manhã 20/01/2021

<p class="_04xlpA direction-ltr align-center para-style-body"><span class="JsGRdQ">O Embaixador da Finlândia, Sr. Jouko Leinonen e o Presidente da FinnCham, Sr. Sergio Chamone, convidam para um </span><span class="JsGRdQ">Café da Manhã </span><span class="JsGRdQ">Virtual via Microsoft Teams. Quarta-feira, </span><span class="JsGRdQ">20/01</span><span class="JsGRdQ">, das </span><span class="JsGRdQ">9.00h</span><span class="JsGRdQ"> às </span><span class="JsGRdQ">10.15h</span><span class="JsGRdQ">.</span></p>
<p>Agenda:</p>
<ul>
<li><span class="JsGRdQ">9.00 &#8211; 9.05</span> <span class="JsGRdQ">Abertura e boas-vindas pelo Presidente da FinnCham, Sergio Chamone,</span>e pelo Cônsul Lasse Keissalo</li>
<li><span class="JsGRdQ">9.05 &#8211; 9.15</span> <span class="JsGRdQ">Comentários iniciais do Embaixador Jouko Leinonen</span></li>
<li><span class="JsGRdQ">9.15 &#8211; 10.00</span> <span class="JsGRdQ">Mr. Pekka Voutilainen, Embaixador de Comércio e Desenvolvimento.</span></li>
<li><span class="JsGRdQ">10.00 &#8211; 10.15</span> <span class="JsGRdQ">Perguntas e respostas</span></li>
<li><span class="JsGRdQ">10.15</span> <span class="JsGRdQ">Fechamento (em Português) pelo Presidente da FinnCham, Sergio </span>Chamone, e pelo Cônsul Lasse Keissalo</li>
<li><img decoding="async" loading="lazy" class="lazyload alignnone  wp-image-3117" src="http://www.finncham.org.br/portal/wp-content/uploads/2021/01/Blue-Green-Watercolor-Flowy-Script-Style-Wedding-Invitation.png" data-orig-src="http://www.finncham.org.br/portal/wp-content/uploads/2021/01/Blue-Green-Watercolor-Flowy-Script-Style-Wedding-Invitation.png" alt="" width="341" height="480" srcset="data:image/svg+xml,%3Csvg%20xmlns%3D%27http%3A%2F%2Fwww.w3.org%2F2000%2Fsvg%27%20width%3D%27341%27%20height%3D%27480%27%20viewBox%3D%270%200%20341%20480%27%3E%3Crect%20width%3D%27341%27%20height%3D%273480%27%20fill-opacity%3D%220%22%2F%3E%3C%2Fsvg%3E" data-srcset="https://www.finncham.org.br/portal/wp-content/uploads/2021/01/Blue-Green-Watercolor-Flowy-Script-Style-Wedding-Invitation-150x211.png 150w, https://www.finncham.org.br/portal/wp-content/uploads/2021/01/Blue-Green-Watercolor-Flowy-Script-Style-Wedding-Invitation-200x282.png 200w, https://www.finncham.org.br/portal/wp-content/uploads/2021/01/Blue-Green-Watercolor-Flowy-Script-Style-Wedding-Invitation-213x300.png 213w, https://www.finncham.org.br/portal/wp-content/uploads/2021/01/Blue-Green-Watercolor-Flowy-Script-Style-Wedding-Invitation-355x500.png 355w, https://www.finncham.org.br/portal/wp-content/uploads/2021/01/Blue-Green-Watercolor-Flowy-Script-Style-Wedding-Invitation-400x564.png 400w, https://www.finncham.org.br/portal/wp-content/uploads/2021/01/Blue-Green-Watercolor-Flowy-Script-Style-Wedding-Invitation-600x845.png 600w, https://www.finncham.org.br/portal/wp-content/uploads/2021/01/Blue-Green-Watercolor-Flowy-Script-Style-Wedding-Invitation-727x1024.png 727w, https://www.finncham.org.br/portal/wp-content/uploads/2021/01/Blue-Green-Watercolor-Flowy-Script-Style-Wedding-Invitation-768x1082.png 768w, https://www.finncham.org.br/portal/wp-content/uploads/2021/01/Blue-Green-Watercolor-Flowy-Script-Style-Wedding-Invitation-800x1127.png 800w, https://www.finncham.org.br/portal/wp-content/uploads/2021/01/Blue-Green-Watercolor-Flowy-Script-Style-Wedding-Invitation-1090x1536.png 1090w, https://www.finncham.org.br/portal/wp-content/uploads/2021/01/Blue-Green-Watercolor-Flowy-Script-Style-Wedding-Invitation-1200x1691.png 1200w, https://www.finncham.org.br/portal/wp-content/uploads/2021/01/Blue-Green-Watercolor-Flowy-Script-Style-Wedding-Invitation.png 1240w" data-sizes="auto" data-orig-sizes="(max-width: 341px) 100vw, 341px" /></li>
</ul>

<p>O Embaixador da Finlândia, Sr. Jouko Leinonen e o Presidente da FinnCham, Sr. Sergio Chamone, convidam para um Café da Manhã Virtual via Microsoft Teams. Quarta-feira, 20/01, das 9.00h às 10.15h. Agenda: 9.00 &#8211; 9.05 Abertura e boas-vindas pelo Presidente da FinnCham, Sergio Chamone,e pelo Cônsul Lasse Keissalo 9.05 &#8211; 9.15 Comentários iniciais do Embaixador [&hellip;]</p>

<!-- This site is optimized with the Yoast SEO plugin v21.7 - https://yoast.com/wordpress/plugins/seo/ -->
<title>Café da Manhã 20/01/2021 - Finncham Brazil</title>
<meta name="robots" content="index, follow, max-snippet:-1, max-image-preview:large, max-video-preview:-1" />
<link rel="canonical" href="https://www.finncham.org.br/portal/event/cafe-da-manha-20-01-2021/" />
<meta property="og:locale" content="en_US" />
<meta property="og:type" content="article" />
<meta property="og:title" content="Café da Manhã 20/01/2021 - Finncham Brazil" />
<meta property="og:description" content="O Embaixador da Finlândia, Sr. Jouko Leinonen e o Presidente da FinnCham, Sr. Sergio Chamone, convidam para um Café da Manhã Virtual via Microsoft Teams. Quarta-feira, 20/01, das 9.00h às 10.15h. Agenda: 9.00 &#8211; 9.05 Abertura e boas-vindas pelo Presidente da FinnCham, Sergio Chamone,e pelo Cônsul Lasse Keissalo 9.05 &#8211; 9.15 Comentários iniciais do Embaixador [&hellip;]" />
<meta property="og:url" content="https://www.finncham.org.br/portal/event/cafe-da-manha-20-01-2021/" />
<meta property="og:site_name" content="Finncham Brazil" />
<meta property="og:image" content="https://www.finncham.org.br/portal/wp-content/uploads/2020/09/final-cafe-h-e1643028204892.png" />
	<meta property="og:image:width" content="800" />
	<meta property="og:image:height" content="332" />
	<meta property="og:image:type" content="image/png" />
<meta name="twitter:card" content="summary_large_image" />
<script type="application/ld+json" class="yoast-schema-graph">{"@context":"https://schema.org","@graph":[{"@type":"WebPage","@id":"https://www.finncham.org.br/portal/event/cafe-da-manha-20-01-2021/","url":"https://www.finncham.org.br/portal/event/cafe-da-manha-20-01-2021/","name":"Café da Manhã 20/01/2021 - Finncham Brazil","isPartOf":{"@id":"https://www.finncham.org.br/portal/#website"},"datePublished":"2021-01-20T12:42:21+00:00","dateModified":"2021-01-20T12:42:21+00:00","breadcrumb":{"@id":"https://www.finncham.org.br/portal/event/cafe-da-manha-20-01-2021/#breadcrumb"},"inLanguage":"en","potentialAction":[{"@type":"ReadAction","target":["https://www.finncham.org.br/portal/event/cafe-da-manha-20-01-2021/"]}]},{"@type":"BreadcrumbList","@id":"https://www.finncham.org.br/portal/event/cafe-da-manha-20-01-2021/#breadcrumb","itemListElement":[{"@type":"ListItem","position":1,"name":"Home","item":"https://www.finncham.org.br/portal/"},{"@type":"ListItem","position":2,"name":"Events","item":"https://www.finncham.org.br/portal/events/"},{"@type":"ListItem","position":3,"name":"Café da Manhã 20/01/2021"}]},{"@type":"WebSite","@id":"https://www.finncham.org.br/portal/#website","url":"https://www.finncham.org.br/portal/","name":"Finncham Brazil","description":"The Official Brazil Finland Chamber Of Commerce.","potentialAction":[{"@type":"SearchAction","target":{"@type":"EntryPoint","urlTemplate":"https://www.finncham.org.br/portal/?s={search_term_string}"},"query-input":"required name=search_term_string"}],"inLanguage":"en"}]}</script>
<!-- / Yoast SEO plugin. -->

Café da Manhã 20/01/2021 - Finncham Brazil

O Embaixador da Finlândia, Sr. Jouko Leinonen e o Presidente da FinnCham, Sr. Sergio Chamone, convidam para um Café da Manhã Virtual via Microsoft Teams. Quarta-feira, 20/01, das 9.00h às 10.15h. Agenda: 9.00 &#8211; 9.05 Abertura e boas-vindas pelo Presidente da FinnCham, Sergio Chamone,e pelo Cônsul Lasse Keissalo 9.05 &#8211; 9.15 Comentários iniciais do Embaixador [&hellip;]
